hat is -13 - -1 - (218 - 223)?
-7
What is 14 - (8 + 4 + -15)?
17
What is 4 + -5 + (3 - 0 - -5)?
7
Evaluate 2 + -10 + 0 + 22 - -1.
15
Evaluate -17 + (205 - 209) + (1 - -2).
-18
-6 + 16 - -1 - 2
9
Evaluate -6 - (-7 + 7 - (8 + -12)).
-10
Evaluate 3 + -1 - ((38 - -40) + -90).
14
Calculate (1 - 1) + -1 - (969 + -968).
-2
What is -40 + 48 - (5 + (4 - 1))?
0
Calculate -5 + -10 - (-69 - -46).
8
(36 - 49 - (-6 - -1)) + 0
-8
Calculate -3 - (5 + 4) - (-7 + 0 + 3).
-8
Evaluate (-21 - 2) + (-1176 - -1206).
7
What is -1 + -2 - -5 - -2 - (-9 - -1)?
12
What is the value of (-10 - (-19 + 37)) + 9?
-19
Calculate (-21 - -30) + 16 - 8.
17
What is -12 + (-27 - (35 + -51))?
-23
-24 + 29 + -14 - (-6 + 2)
-5
Evaluate 1 + -5 + 3 + (-3 - 0) + 14.
10
What is the value of 268 + -307 - (-17 - (-6 - -3))?
-25
What is -13 - (-30 + 35) - -20?
2
Calculate 7 + (13 + -3 - (1 - -6)).
10
(1 - 1 - (2 + -4)) + -8 + -10
-16
Calculate -6 - (-4 + (-10 - -18)) - -7.
-3
0 + -6 + -32 + 42 + -12 - -7
-1
What is -5 - (4 + -4 + 5)?
-10
Evaluate (0 - (-22 - -7)) + -10 + 1.
6
What is the value of 6 - (1 + 9 - (-6 + (-12 - 3)))?
-25
What is 0 + -10 - (-935 + 950)?
-25
What is the value of 17 + -36 + -1 - (5 - (4 + -1))?
-22
13 - (1 + 7 + 18)
-13
What is the value of 9 + (12 - 40) + 11 - -11?
3
What is -6 - (0 + (-7 - (-5 - -4)) - -24)?
-24
What is the value of 13 + -26 - -2 - (1 + 2)?
-14
What is the value of 5 - (-6 + 18 - 2)?
-5
1 + -1 + -9 - (-1 + 1 + 1)
-10
What is -1 + -5 - (-34 - (-22 + -30))?
-24
Calculate -7 - (-16 - -15) - (15 - 42).
21
-31 - (-10 - ((-10 - (-9 - -11)) + 7))
-26
What is 7 - (-4 - (-2 - 6) - 19)?
22
Calculate 4 - (19 + -11 + 3 + 1).
-8
2 - 13 - (-18 + 14) - -4
-3
5 + -12 + (-5 - -8 - 1) - -3
-2
What is 4 + (-43 + 48 - (-1 - -11))?
-1
(7 - 1) + (-6 - (0 + 7) - -12)
5
What is -13 + (1 - (0 + -5 + -25 + 37))?
-19
21 + (4 + -18 - -6)
13
What is -4 + (7 - 8 - (-10 - -5))?
0
-5 + (-7 - (-1 + -9)) + -3
-5
What is 2 + (2 - 6) - 3 - (10 - -3)?
-18
What is the value of 8 + -2 - 0 - (-276 - -282)?
0
What is the value of -13 - (-3 + (4 - (3 + (1 - -3))))?
-7
Evaluate 108 + -99 - (-5 + 22) - (-1 + -6).
-1
Evaluate 11 + (2 + (-2 - 5) - -5) - 6.
5
What is the value of -2 + (9 - (-36 + 27))?
16
What is -32 - (-13 + 40 + -38)?
-21
Evaluate -22 + (39 - 14) + 4.
7
Calculate 3 + 20 - (-96 - -106).
13
(7 - ((4 - 12) + 8)) + -9
-2
What is (1 + 0 - -7) + (-85 - -81)?
4
What is the value of -5 + 39 + (136 - 151)?
19
Calculate (17 - 9) + -27 - -21.
2
(6 - (-3 + 0)) + 8 + -9
8
3 + ((-24 + 3 - 9) + 5 - -2)
-20
Calculate 17 + -2 + -30 + 31 + (-14 - -6).
8
Calculate (-3 - (4 + -18)) + -105 + 67.
-27
Evaluate -4 - (-1 - -4) - (-155 + 158).
-10
Calculate (-1 - 45) + -52 + 56 + 9 + 0.
-33
Evaluate 1 + 20 + 3 + -16.
8
What is 7 - (-22 - -20 - -30)?
-21
Calculate -21 - (-8 - -12 - 13).
-12
What is the value of -8 - (12 + (12 - 31))?
-1
What is -2 + 9 + 1 + 84 + -80?
12
Calculate (33 - 49) + -11 + 0 - (-3 - -1).
-25
What is the value of 13 + (-5 - 0) + 31 + -31?
8
What is 7 - (-14 + 16) - -4?
9
(-26 - -37 - -24) + -25 - (0 + -10)
20
What is -19 + 21 - (-1 - (-2 - -2)) - 1?
2
Evaluate -6 + 10 - (-46 + 46 + (-7 - -1)).
10
What is the value of -7 + -3 + -1 + (-12 + 2 - -3)?
-18
Calculate 0 + (31 + -25 - (0 - (-3 + 1))).
4
What is (-62 - -67) + (-8 - 1) - (-3 + 21)?
-22
What is 4 + -5 + -1 + 7 - -10?
15
What is 2 + -4 + -3 - (-4 - -6)?
-7
Calculate 55 - (6 - (-2 - 15)).
32
What is the value of 20 - 10 - (-5 - (-6 + -11))?
-2
Calculate (98 - 120) + (1 - -19).
-2
What is the value of -32 + 22 - (-5 + (1 + -6 - 8))?
8
What is (34 - 53) + (61 - 13)?
29
Calculate 22 + -4 + (-8 - 0) + -13.
-3
Evaluate -18 - (-34 - (22 + -28)).
10
Evaluate -31 + 2 + -37 + 60.
-6
Calculate (-15 - (41 + -63)) + 20 + 1.
28
Evaluate -2 - (-5 - (5 + 1)) - 20.
-11
What is the value of 0 - (-6 + 5 - 1 - -15)?
-13
Evaluate (-2 - -8) + (11 - 14 - (-3 - 4)).
10
Evaluate 13 - 5 - (-11 - -20) - -8.
7
Evaluate 5 - (10 - (15 - 15)).
-5
-2 + 0 + -2 + (-2 - -1) + 19
14
Evaluate -521 + 520 + (12 - 0).
11
22 - 0 - ((15 - -14) + -24)
17
What is (-7 - -21 - 8 - 32) + -9?
-35
13 + (-9 - 4) + (2 + -7 - -1)
-4
128 + -123 + 1 + -14 + (30 - -2)
24
116 + -118 + (-1 + 2 - -5) - 15
-11
What is the value of -1 - (-7 - (5 + -5) - 1)?
7
-21 + 12 + (-14 - -9)
-14
What is the value of 9 - (-11 + 23 + 9)?
-12
Calculate (19 - -1) + 86 + -98.
8
Evaluate (-1 + 20 - (-32 - -31)) + (2 - 7).
15
Evaluate 0 + (12 - (0 + 6)) + -20 + 18.
4
Calculate -32 + 3 + (1 - -8) + 6 + 1.
-13
-24 + 20 - (3 + -4 + 4)
-7
Evaluate 13 - -1 - (-15 + -10 + 8 + 8).
23
Evaluate -16 + (17 + -5 - 12) + 47.
31
Calculate (334 + -288 - (12 + -1)) + -5.
30
What is -1 + 9 - (-3 + 28 - -11)?
-28
What is the value of (-61 - -59) + (1 - -9)?
8
What is the value of 2 + (4 - (0 - -9))?
-3
5 + -24 + -5 - (10 - 1) - -10
-23
Calculate -14 + (10 + -9 - (-17 - 1)).
5
What is 29 + -35 + 47 + 1 + -7 - 2?
33
What is the value of 26 - (26 + -7 + 6)?
1
Calculate -117 + 136 - (3 - -2).
14
-3 + 3 + -2 + 3 + 2 - 8
-5
Calculate 10 + -7 + 12 - ((-1 - 3) + 5).
14
What is -108 + 113 - (10 + 21)?
-26
Evaluate (0 - -4) + -298 + 303.
9
74 - 76 - (-1 - 3)
2
Calculate (10 - (7 - (1 - 11))) + -1 + 7.
-1
What is 12 + -2 + (-2 - (-10 - -4))?
14
What is the value of 8 + (-6 - ((15 - 9 - 2) + -12))?
10
Evaluate -1 + (1 - (-7 + 6)) + 6.
7
(17 - (-13 + 24)) + (-5 + 0 - 3)
-2
What is the value of -23 + 2 + -7 + 52?
24
Calculate (-4 - -6 - 12) + (15 - 1).
4
Evaluate 1 + 12 - ((-56 - -27) + 33).
9
What is 32 - (6 - -50) - 10?
-34
What is -10 - (-1 + -20 + 4 - 9)?
16
What is 8 + 4 + -1 + (1 - (3 - 1))?
10
Evaluate -14 - (-20 + 14 + 7).
-15
Evaluate 5 + 10 + (0 - 25) - -16.
6
What is 1 + -2 + 3 - (40 + -65 - -55)?
-28
Evaluate 27 + 8 - (-1 - -23).
13
What is the value of -5 - (16 + (8 - (-7 + 14)))?
-22
Calculate (-13 - -24) + -54 + 23.
-20
What is 35 - 26 - (13 - 3)?
-1
Evaluate -22 + (7 - -3) - -13.
1
Evaluate (-4 - -6) + -27 + -3 + (7 - -7).
-14
What is (3 - -4) + -3 + -11 - -5?
-2
9 + -16 + 7 + -7
-7
Calculate 3 + -17 - -10 - -11.
7
24 + (-9 - -9) + -26
-2
Evaluate 0 + (-11 - (3 - 4)) - -11.
1
Calculate -13 + (-6 - -15) + 1.
-3
Evaluate (2 - (13 + -1)) + (-15 - (-12 + -6)).
-7
-10 + (3 - (-4 + 10 + 6))
-19
What is (-19 - -21) + (-2 - (-7 - -3)) + 4?
8
What is the value of (-22 + -2 - (3 + -7) - -6) + 5?
-9
Calculate -11 - -10 - 7 - (0 + -11 + 4).
-1
What is 0 + 0 - (-25 - -44 - 8)?
-11
What is the value of -3 + -6 + -8 + 11?
-6
11 + -7 - (-10 + -4 + 31)
-13
What is -8 + 1 + 25 + -2 + (-35 - -32)?
13
What is the value of 5 - 2 - (13 + 9 - 22)?
3
Calculate 2 - (3 + (2 - 9) + 2).
4
What is the value of -8 - -5 - (-10 - -7)?
0
What is the value of 64 + -66 - (-3 + -5)?
6
Calculate 1 - -18 - (-82 + 90).
11
What is (9 - (-4 + 6)) + (-7 - 4) + 4?
0
Evaluate -127 + 145 - (1 - -12).
5
Calculate 3 + (-13 - (-4 + -11)).
5
-26 + 12 - -17 - (0 + 3) - -13
13
What is 0 - 4 - ((-26 - -34) + -22)?
10
(1 - 17) + -1 - ((33 - 11) + -25)
-14
((-1 - 3) + 9 - 5) + 6
6
Evaluate 0 + -19 - (4 - (-1 - -13)).
-11
10 + -4 + (-3 - -3) + -10
-4
38 - ((38 - 14) + -19)
33
12 - (-8 + 10 + 1 - -6)
3
What is the value of 11 - -1 - -2 - (803 + -805)?
16
What is the value of 0 - (2 - (0 + 19)) - (-188 + 193)?
12
Evaluate -17 - (0 + -8 + 18) - (-16 + 27).
-38
Evaluate 2 - 1 - (-7 + 5) - (119 + -111).
-5
(-3 - 14) + (-8 - -19)
-6
What is the value of 5 + -1 - (-1 + (-3 - 20 - -21))?
7
Calculate 8 + 8 + 0 + -4.
12
Calculate 8 + 1 - (-1 + 5) - (59 + -51).
-3
What is the value of (-3 - 3 - (18 - 14)) + 5?
-5
Calculate (-24 - (15 - 32)) + (-3 - 5).
-15
Evaluate -1 + -5 - (-13 - 0) - 12 - -27.
22
(-20 - (-11 + 11 + -9)) + -6
-17
What is the value of 11 + (-2 - 7) - 17?
-15
What is the value of -2 - (1 + -12 + 4 - 6)?
11
Calculate (-17 - -13) + 2 + 13.
11
Calculate 0 - (-27 + 11) - 27.
-11
Evaluate -5 - -1 - 4 - (1 - -2).
-11
Evaluate (0 - 8) + (12 - 14) + 6 - -6.
2
What is the value of (8 - 1 - (-16 - (-14 + -2))) + -15?
-8
Evaluate (-13 + 2 - (0 + -5)) + (-5 - -27).
16
Evaluate (-4 - 1) + (-4 - (43 + -41)).
-11
(-4 - -25 - 20) + (-5 - -1)
-3
What is the value of -20 + 36 + 28 - 68?
-24
What is the value of 40 - 42 - (4 - (16 + -4))?
6
Evaluate 8 - (40 - (-4 - -4) - (-72 - -73)).
-31
Calculate 8 - (23 + 9 + (-1 - 13)).
-10
(43 - -4) + -4 + -22
21
Evaluate -2 + -19 + 15 + 0 